 y be 4/18 + o/(-18). What is r(y)?
3
Let r(a) = a - 5. Suppose 0 = -2*k - h + 10, 0 = -4*k + 2*h + 6 + 6. Calculate r(k).
-1
Let n(z) = z**3 - 3*z**2 - 2*z - 3. Let j(g) = -g**3 + g + 3. Let x be j(0). Calculate n(x).
-9
Let j(m) be the third derivative of m**5/60 + m**4/6 - 4*m**3/3 + 2*m**2. Suppose 2*d - 31 - 29 = 0. Suppose r = -4*r - d. Determine j(r).
4
Let l(y) = -2*y**2 + 15*y - 5. Let i be l(7). Let s(w) be the third derivative of 0 + 1/30*w**5 + 1/6*w**3 + 0*w + 1/20*w**6 + 1/12*w**4 - 2*w**i. Give s(-1).
-5
Let q(a) = -4*a + 0*a**2 + 2*a**2 + 0*a**2 - 3*a**2. What is q(-5)?
-5
Suppose 0 = -s + 8*s. Let f(g) = -g - 10. Calculate f(s).
-10
Let m be (10/(-4))/5*-6. Let s(j) = -4*j + 5*j + 3*j**2 + j**3 + 1 - m. Let b be s(-2). Let k(w) = -w**2. Determine k(b).
0
Suppose 2 + 2 = -4*a. Let s(u) = 12*u**2 - 1. Determine s(a).
11
Let t(k) = -190*k. Let o(u) = 7*u. Let m(h) = -55*o(h) - 2*t(h). Determine m(-1).
5
Let p(z) be the third derivative of -z**5/10 - z**4/24 - z**3/6 - 6*z**2. Determine p(-1).
-6
Suppose -p + 1 = -1. Let j(y) = 0*y - y + p*y. Calculate j(-1).
-1
Let k(p) = -5*p - 21. Let u(d) = -4*d + 19. Let h(i) = 3*i - 13. Let q(c) = 7*h(c) + 5*u(c). Let n = 12 + -1. Let t(j) = n*q(j) + 2*k(j). What is t(0)?
2
Let g(a) = 2*a + 2 + 0 - a**3 - 20*a**2 + 3*a + 19*a**2. What is g(-3)?
5
Let g(t) = -32*t**2 + 0*t + 8 + t + 33*t**2. Determine g(0).
8
Let s(z) = -z**2 + 13*z + 2. Let p be s(13). Let i(n) be the second derivative of 0 - n + 1/20*n**5 - n**p - 5/12*n**4 + 1/6*n**3. Give i(5).
3
Let v(n) = -n**2 + 3*n - 3. Let k be v(2). Let b = 2 - k. Suppose -b*j = -4*j - 4*o + 19, -24 = -j - 5*o. Let m(p) = -8*p - 1. What is m(j)?
7
Let h be 40/6*18/(-15). Let r = h - -13. Let t(g) = -g**2 - g + 1. Let s(u) = u**2 + 8*u - 4. Let x(l) = -s(l) - 2*t(l). What is x(r)?
-3
Let a(s) = s**3 + 1 + 19*s - 39*s + 20*s. Determine a(-2).
-7
Let c(f) = -3*f**2 - 5*f - 3. Let y(r) = r**2 - r + 1. Let b(a) = c(a) + 2*y(a). What is b(-5)?
9
Let u(k) = -k**2 - 3*k - 1. Let g(j) = -j**3 + j - 3. Let w be g(0). Let p be u(w). Let c(t) = -t**3 - 2*t - 1. Calculate c(p).
2
Let u(d) = -d**2 - d. Let r(n) = -5*n**2 + 4*n + 8. Let m(j) = -r(j) + 6*u(j). Determine m(-9).
1
Let d(r) = -9*r**2 + r + 1. Let c be d(3). Let p be c/(-21) + 2/6. Let l(j) = -j**2 + 2*j. What is l(p)?
-8
Suppose 2*w + 3 = -h, -2*h + 9*w + 21 = 4*w. Let z(y) = -3*y - 2*y**2 - y**h + 1 + 3*y. Give z(-1).
0
Let p be 5*(36/10 - 3). Let d(s) = -5*s + s**p + 5 + 2*s**2 + 2*s**2 - 10. Calculate d(-5).
-5
Let i(h) = -6*h + 4*h - 3*h + 2*h. What is i(5)?
-15
Let z = -3 - -1. Let y be (8 - 4)*z/(-4). Let f(l) = -l**3 - l**2 + 1. Let w(q) = 3*q**3 - 4*q**2 - q - 1. Let r(n) = y*f(n) + w(n). What is r(6)?
-5
Let z(a) = -3*a**2 - 9*a + 7. Let o(v) = -2*v**2 - 4*v + 3. Suppose 2 = -2*h + h. Let p(m) = h*z(m) + 5*o(m). Give p(1).
-5
Let v(a) = -a**3 - 9*a**2 - 2*a - 1. Let p(b) = -b**3 - 8*b**2 - b - 1. Let q(t) = -5*p(t) + 4*v(t). Let g = -4 + 7. Suppose -g + 18 = -3*x. Give q(x).
-9
Let d(y) = -10*y. Let j(a) = 14 + 19*a - 14. Let g(n) = -5*d(n) - 3*j(n). Give g(-1).
7
Let a(m) = 10*m - 7. Let k be a(3). Let r(i) = -6*i + i**2 - 11*i + 6 + k*i. What is r(-6)?
6
Let k(f) be the first derivative of f**4/4 + 3*f**3 + 7*f**2/2 - 6*f + 3. Determine k(-8).
2
Let f(z) = z**3 - 6 + 1 - 5*z - z**2 - 3*z**2. Suppose 4*y - 5*q - 30 = 0, q + 3*q = -8. What is f(y)?
-5
Let l(s) = s**2 + 17*s + 3. Let t be l(-17). Let w(f) = -f**3 + 4*f**2 - f + 2. Determine w(t).
8
Let o(z) = z**3 - 2*z**2 - 5. Let j(u) = u**3 - 3*u**2 + u - 5. Let a(k) = 5*j(k) - 6*o(k). What is a(-4)?
1
Let f(d) = d**2 - 2*d - 1. Let v(b) = -b**2 - 3*b + 4. Let k be v(-4). Let o = 4 - k. Calculate f(o).
7
Let f(x) = -7*x**3 + 8*x**2 - 2*x - 1. Let q(b) = -3*b**3 + 4*b**2 - b - 1. Let p(u) = -2*f(u) + 5*q(u). What is p(3)?
3
Let j = 1 + 7. Let b = 3 - j. Let x(d) = d + 3. Calculate x(b).
-2
Let x = 8 + -4. Let n = x - 8. Let m(z) = -z**2 + 2. Let r(h) = h - 1. Let k(v) = m(v) - 3*r(v). What is k(n)?
1
Let s(n) = -n - 6. Let g(p) = -6*p**2 + 1. Let q be g(1). Let j = q - -2. Calculate s(j).
-3
Let a be 1/6 - 221/(-78). Let u(p) be the second derivative of 3*p**2 + 0 - p - 1/3*p**a. What is u(4)?
-2
Let z = -7 + 10. Suppose 2*y = -z*y + 10. Let p(d) = -4*d**2 + 6*d**2 - 2*d**2 + 3*d**y. Give p(-1).
3
Let r(f) = f**3 + 2*f**2 + 3*f + 3. Let d be (18/(-8))/(3/(-8)). Let n = 4 - d. What is r(n)?
-3
Suppose 0 = -3*y + y + 4. Let g = -3 + y. Let l(x) = 10*x + 1. Determine l(g).
-9
Let x(d) = -2*d**2 - 2*d + 2. Let s(b) = -b**3 - 10*b**2 + 10*b - 9. Let m be s(-11). Determine x(m).
-10
Let m(o) = -14*o - 1. Let t = -67 - -66. Calculate m(t).
13
Let c(g) = g + 6. Let k(s) = 0*s - 3*s**2 - s + 2*s**2. Suppose 3*o = 2*o + 5*t - 21, -15 = 3*o - 3*t. Let i be k(o). Give c(i).
6
Suppose -3 + 0 = 3*f. Let b = f - -3. Let m(a) = -3*a + 0*a - 8*a**2 + b*a - 1. Give m(-1).
-8
Let n(p) = -3 - 39*p + 33*p + 2 + p**2. Determine n(7).
6
Let u(o) = -o**3 + 6*o - 1. Let s(i) = -i**2 + i. Suppose 49 = 4*q + 5. Let z = q + -6. Let x(f) = z*s(f) - u(f). What is x(5)?
-4
Let w(g) be the second derivative of -g**5/20 + g**4/6 + g**3/3 + g**2/2 - 5*g. Give w(3).
-2
Let h(g) be the first derivative of g**3/3 + 2*g**2 + 2*g - 3. Let c(n) = -3*n + 1. Let w be c(2). Determine h(w).
7
Let d(z) = 2*z**2. Let u(x) = x + 2. Let n be u(-3). Give d(n).
2
Suppose 0*s + 3 = -3*s. Let i be (-1)/(s*(-1)/2). Let h(d) = -d - 1. Calculate h(i).
1
Let q(f) = 7*f**3 + 2*f**2 + 5*f + 29. Let h(m) = 3*m**3 + m**2 + 2*m + 14. Let d(t) = 5*h(t) - 2*q(t). What is d(0)?
12
Let h(v) = 2*v**2 - 4*v + 1. Suppose 6*k - 4*k + i - 11 = 0, -2*i = -6. Determine h(k).
17
Let t(n) = -n - 9. Suppose 2*m - 4*c + 30 = -6*c, -40 = 5*m - 2*c. Let d be t(m). Let i(w) = 9*w. Give i(d).
9
Suppose 4*x - 25 = -x. Suppose 2*y = y - x. Let d(o) = 5*o + 4 + 0*o**2 + 2*o**2 - o**2. Determine d(y).
4
Let j(n) = 0*n**2 + 1 + 3*n**2 - 4*n**2 - n. Suppose -m - 3 = -0. Calculate j(m).
-5
Let p(w) = 2*w - 4*w**2 + 5*w**2 + 12*w**2 - 1. Determine p(1).
14
Suppose 0 = 3*t + t - 12. Let m(w) = 0*w**t + 4*w**3 - 1 - 3*w**3 - 1. Calculate m(2).
6
Let b(o) = 2*o**2 + 6*o**3 - 7*o**3 - 10 + 5*o**2. What is b(7)?
-10
Suppose 24 = 3*f - 3*o, 0 = -15*o + 11*o. Let a(r) = r. Calculate a(f).
8
Let k(s) = -5*s**3 - 2*s**2 + 1. Let h be (-1)/(2/(-30)) + 0. Suppose -4*o = p - h, p + 3*o - 5*o = -9. Give k(p).
4
Let w(q) be the second derivative of -q**3/2 - q. Let o(l) = l + 1. Let k(m) = -10*m - 5. Let x(n) = -k(n) - 6*o(n). Let s be x(1). What is w(s)?
-9
Let n be (2/3)/((-2)/(-6)). Let v(u) = u**3 - u**2 + u - 1. What is v(n)?
5
Let h(y) = -y**3 + 3*y - 3 - 3*y**2 + 2 + 4. Give h(-3).
-6
Let m(w) = 2*w**2 + 6*w + 4. Let x be m(-3). Let z(o) = o + 11. Let k(i) = 4. Let u(d) = -7*k(d) + 2*z(d). Calculate u(x).
2
Let h = -4 + 6. Let i(p) = -3*p - 6*p**2 + h*p**3 - 3*p**3 - 2 + p - 3*p. Calculate i(-5).
-2
Let w(m) = -m**3 + 5*m**2 + 3. Suppose j + 2*g + 5 = 4*j, -j - 15 = -4*g. Give w(j).
3
Let j(f) = 2*f - 24. Let s be j(12). Let a(r) be the third derivative of 2*r**2 + 0*r + 0 + s*r**3 - 1/12*r**4. Calculate a(-2).
4
Let r(x) = -3*x - 25. Let f be r(-8). Let u(o) = -10*o**2 - o - 1. Determine u(f).
-10
Let u(q) = 11*q**2 - 2*q - 2. Let m(t) = t**2 - 1. Let y(c) = -3*m(c) + u(c). Suppose 7 - 3 = -i - 5*o, 1 = -o. Determine y(i).
7
Let w(m) be the first derivative of -2 + 1/3*m**3 - m - 1/2*m**4 + m**2. Calculate w(2).
-9
Suppose 2*r = 3*r - 6. Let q(w) = -900*w - 2*w**2 + w**2 + 906*w + 6. Calculate q(r).
6
Let s(j) be the first derivative of -1/4*j**4 + 1 + 4/3*j**3 - 1/2*j**2 - 4*j. Determine s(3).
2
Let a(c) = -4*c + 1. Suppose 5*w + 20 = w. Let i(q) = -8*q + 1. Let u(f) = w*a(f) + 3*i(f). What is u(-3)?
10
Suppose -3 = -4*i + 9. Let z(p) = i*p**2 + 2*p + 4*p**2 - 4 + 5. What is z(-1)?
6
Suppose 3*h + 3*l = 15, 0*l - 2*l + 10 = -h. Let f(x) = -x - 11. What is f(h)?
-11
Let o(y) = -y**2 - 4*y - 1. Let m be o(-2). Let h be (-1)/1 + -2 + 7. Let l(i) = i**3 + m - i - 5 + 3*i**2 + h. Determine l(-3).
5
Suppose -5*z = -2*b - 2 + 6, z + 11 = -3*b. Let a(h) be the third derivative of -h**5/60 - h**4/12 + h**3/6 - 25*h**2. What is a(z)?
1
Let s = 15 - 11. Let c = -2 + s. Let n(f) = -3*f**2 + f + 1. Give n(c).
-9
Let c(x) = -5*x - 46. Let s(